d/8055)?
2, 5, 179
Let y(z) = -z**2 - 39*z - 36. Let n be y(-38). Suppose n*w + 15873 = 13*w. What are the prime factors of w?
3, 13, 37
Let j(u) be the third derivative of 0 + 17/60*u**5 - 1/3*u**3 + 0*u + u**2 - 1/12*u**4. List the prime factors of j(-2).
2, 5, 7
What are the prime factors of 203/7 - 22 - (-1)/(2/49134)?
2, 11, 1117
What are the prime factors of (-84485)/122*14/(2/(-2))?
5, 7, 277
Let s(x) = 185*x**2 - 5*x + 7. Let c be s(4). Suppose 3*w = 2*i + c, 2*w - i - 2942 = -w. List the prime factors of w.
11, 89
Let v = 11649 - 5862. List the prime factors of v.
3, 643
Suppose 0 = -5*m - 10, -164*c + 2*m + 3240 = -162*c. List the prime factors of c.
2, 809
Let r = 416 - -52. Suppose 11*m - 12*m = -r. List the prime factors of m.
2, 3, 13
Let q(n) = 3*n**3 - 71*n**2 + 3*n + 20. Let j be q(24). Suppose -155*b - j = -156*b. What are the prime factors of b?
2, 167
What are the prime factors of -20*30/900 - (-149620)/6?
2, 3, 1039
Let u be (-51)/6*(-3)/(9/6). Suppose -3*d - y + u = 0, 3*d - 7*d - y + 21 = 0. Suppose 0 = -d*k - 102 + 942. What are the prime factors of k?
2, 3, 5, 7
Suppose 3*c + 47 = -4*h, -c + 4*h + 6 = h. What are the prime factors of (-2208)/c + 2/3?
2, 3, 41
Let c(w) = -w**2 - 193*w - 252. What are the prime factors of c(-53)?
2, 7
Let m(q) = 15*q**2 + 97*q - 316. List the prime factors of m(-26).
2, 3, 1217
Let k(f) = 126*f**3 - 10*f**2 + 112*f - 526. List the prime factors of k(5).
2, 3, 863
Suppose 7918 - 3190 = 3*u. Suppose -2*r + u = 4*a, 0 = r - 4*r. What are the prime factors of a?
2, 197
Let f = 119 - 117. Suppose 0 = v - 2*j - 461, -f*j - 967 = -2*v - 7*j. What are the prime factors of v?
3, 157
Suppose 0 = -i - 2*v + 2 - 0, 8 = 4*i + 4*v. Let z(n) = -13*n + i*n - 7*n - 17. What are the prime factors of z(-9)?
5, 29
Let u(y) = 24*y**3 + y**2 - y - 2. Let z be u(-1). Let v be z/(-14) + (-2)/(-7). Suppose 30 = v*s - 26. List the prime factors of s.
2, 7
What are the prime factors of (980/(-21))/((-82)/104181)?
2, 5, 7, 11
Suppose x - 5*x = -52. Let z(d) = -d**3 + 18*d**2 - 29*d + 29. List the prime factors of z(x).
7, 71
Let c be 37/(-2)*2*-1. Suppose 205 = -392*u + 395*u - 2*q, -4*q + 101 = u. Let l = u + c. List the prime factors of l.
2, 5, 11
Let d = -237 + 148. Let q = 6789 + -6470. Let v = d + q. What are the prime factors of v?
2, 5, 23
Suppose 22*p + 6*p - 96645 = 11*p. What are the prime factors of p?
3, 5, 379
Suppose q + 142194 = 11*q + 21894. List the prime factors of q.
2, 3, 5, 401
Let s(q) = 2*q**3 - 3*q**2 + 2*q - 4. Suppose -9*h - 13 = 23. Let i be (11 + h)*(-4)/(-7). What are the prime factors of s(i)?
2, 3, 7
What are the prime factors of (51 - -8121) + (2 + 1)*-1?
3, 7, 389
Suppose 3*d + 2*t + 1 = 0, 0 = -5*d + 4*t + 35 - 0. Suppose -5*u + 608 + 1191 = -b, 5*u - d*b = 1797. List the prime factors of u.
2, 3, 5
Let s = 9 + -28. Let r be (-3)/(-5)*95/s. What are the prime factors of 2 - (r/(-3) - 5)?
2, 3
Let l = 49978 - 4169. List the prime factors of l.
19, 2411
Let u(d) = 31*d**2 + 3*d + 2. Let x(k) = -6*k + 6. Let z be x(-4). Let j = z - 31. What are the prime factors of u(j)?
2, 3, 5
Let y(q) = -16*q + 14. Let g be y(1). What are the prime factors of 336/105*(g - 578/(-4))?
2, 3, 19
Let f = 8328 + -2702. What are the prime factors of f?
2, 29, 97
Let i be 4/(-6)*(4/8 - 2). Let y be 1419/77 - (-3)/(-7). Let d = y - i. List the prime factors of d.
17
Suppose 4*m = -w + 20360, 3*w - 4369 - 5801 = -2*m. What are the prime factors of m?
3, 1697
Let x = -10264 - -10265. Let q(o) = -2*o**3 + 2*o. Let k be q(2). What are the prime factors of (191 - x) + 4*k/16?
11, 17
Suppose 5*s - 155832 = -s + 2*s. List the prime factors of s.
2, 3, 43, 151
What are the prime factors of (12373/4)/(3/14*(-336)/(-288))?
12373
Suppose 3*u + 3*b + 117 = -15, -142 = 3*u + b. Let y = 1119 - 1152. Let r = y - u. What are the prime factors of r?
2
Let c be (1 + 4*41)/1. Suppose -1063 = -11*v - 1030. Suppose 4*p - 165 = -v*r + 6, -3*r - 2*p + c = 0. List the prime factors of r.
53
Suppose 1058*m - 1076*m = -53136. What are the prime factors of m?
2, 3, 41
Suppose 10*q - 13*q = -1344. Suppose u = 9*u + q. Let a = u - -112. What are the prime factors of a?
2, 7
Suppose -3*a - 4*k - 2071 = 0, -27*k = 5*a - 28*k + 3490. Let g = a - -1233. What are the prime factors of g?
2, 67
Let l = 64 + -64. Suppose 4*f = o + 239, 3*f - 15*o + 11*o - 176 = l. What are the prime factors of f?
2, 3, 5
Let s(y) be the first derivative of -y**3/3 - 5*y**2 + 26*y - 40. Let n be s(-11). Suppose 5*m = g + 1127, -2*g = 3*g - n. What are the prime factors of m?
2, 113
Let u = 6459 - 2392. What are the prime factors of u?
7, 83
Suppose 268*p = 264*p + 88. Suppose -p*v + 12135 = -7*v. List the prime factors of v.
809
Let u(y) = -2*y**3 - 2*y**2 + 138. Suppose -7 = 16*w - 7. What are the prime factors of u(w)?
2, 3, 23
Let x(a) = 2*a**3 + 10*a**2 + 10*a - 12. List the prime factors of x(4).
2, 79
Let g(x) = -5*x**3 + 3*x**2 + 4*x + 1. Let y be (-4)/6*((-405)/10)/(-9). List the prime factors of g(y).
151
Let z(y) = y**3 - 38*y**2 + 114*y + 74. List the prime factors of z(41).
9791
Let a = -2219 + 3298. List the prime factors of a.
13, 83
Let f = 542 + -539. Let x(c) = 168*c - 49. What are the prime factors of x(f)?
5, 7, 13
Let s be ((-43)/2)/((-11)/(-44)). Let p = -85 - s. What are the prime factors of (p - 0)/(1/56)?
2, 7
Let o(z) = z**3 - 9*z**2 + 14*z + 3. Let y be o(7). Suppose y*c - 535 = -0*p + 2*p, -2*c + 5*p = -375. Suppose 0 = -0*q - q + c. List the prime factors of q.
5, 7
Suppose -11 = -12*l + 13. Suppose 4*y + 2*a - 1348 = 0, 0 = 8*y - 3*y + l*a - 1684. What are the prime factors of y?
2, 3, 7
Suppose 2888 = -5*i + 128. Let n(t) = t**3 - 5*t**2 + 5. Let c be n(5). List the prime factors of (-9)/(-15) - i/c.
3, 37
Let m(c) = -c**3 + 17*c**2 - 16*c + 3. Let g be m(16). Suppose -g*q - 2*o - 3*o = -60, 5*q = -5*o + 100. Let a = 58 - q. What are the prime factors of a?
2, 19
Let t = -29304 + 48582. List the prime factors of t.
2, 3, 7, 17
Let t be -3 + 14*6/(-6). Let w(o) = -27*o + 124. List the prime factors of w(t).
11, 53
Let g be 6/2 - (-78 + 3 + 7). Let w = 217 - g. List the prime factors of w.
2, 73
Suppose -22*l + 164 = -232. Suppose 5854 + 9464 = l*z. List the prime factors of z.
23, 37
Let b = -162 - -172. Let v(d) = 33*d - 30. What are the prime factors of v(b)?
2, 3, 5
Let j(g) = -2*g**3 - 211*g**2 - 409*g - 33. List the prime factors of j(-107).
163, 479
What are the prime factors of 6*(-2315362)/(-756) - (-1)/9?
2, 2297
Let h(m) = 3*m**2 + 28*m + 7. Let t be h(-9). What are the prime factors of -4 + (16/t - -425)?
7, 59
Let r = -14543 + 24380. What are the prime factors of r?
3, 1093
Let f(n) = 2*n + 12. Let i be f(-10). Let m be -9 - (-2)/((i/(-6))/2). List the prime factors of 333/m*(2/3 - 2).
2, 37
Let j = 40 - 92. Let p = 58 + j. List the prime factors of p/(-6) + 96 - 1/(-1).
2, 3
Suppose -2*b = 5*f - 4*b - 27, 2*b = -4*f + 36. Let g(y) = f*y + 0*y - y + 14 - 16*y. What are the prime factors of g(-6)?
2, 37
Let w(z) = -484*z + 27. Let u(g) = 242*g - 12. Let v(j) = 5*u(j) + 2*w(j). What are the prime factors of v(4)?
2, 13, 37
Suppose -6*i + 2*i - 766 = 2*k, -2*i + 3*k = 387. Suppose -93*x = -89*x + 200. Let n = x - i. List the prime factors of n.
2, 71
Let v(b) = 3*b**2. Let t be v(1). Suppose 0 = -t*x + 5 + 85. Let d = 50 + x. List the prime factors of d.
2, 5
Let m = 30103 + -16860. List the prime factors of m.
17, 19, 41
Suppose 0 = 2*y - 4*h - 4, 4*h + 24 - 2 = 5*y. List the prime factors of (y + -24)*-22 + 6.
2, 3, 67
Suppose a = f + 8, -2*f + 26 = -4*a + 52. List the prime factors of (132 + 1 - f) + 0.
2, 17
Suppose 0 = -3*n + 12, 20 - 1 = 5*f + n. Let b be f + (2 - (-30)/(-4)*-20). Suppose -27*w + 28*w - b = 0. What are the prime factors of w?
5, 31
Suppose -221*q = -205*q + 30413 - 476445. What are the prime factors of q?
61, 457
Let f(z) = -12*z**3 + 14*z**2 + 32*z - 21. What are the prime factors of f(-7)?
3, 7, 31
Let r(v) = 2*v - 29. Let l be r(17). Suppose 0 = -l*q + 1395 - 45. List the prime factors of q.
2, 3, 5
Let w = 417 - 222. Let l be (-8 - 150/(-20))/((-1)/8). Suppose -l*p - 3*f + w = 0, 101 = -2*p + 4*p + 5*f. What are the prime factors of p?
2, 3
Suppose -21*j = -19*j + 3*x - 23449, 5*j - 5*x = 58